{"id":638,"date":"2021-03-17T10:32:44","date_gmt":"2021-03-17T10:32:44","guid":{"rendered":"https:\/\/bridge424.qodeinteractive.com\/?page_id=3"},"modified":"2024-05-20T09:58:09","modified_gmt":"2024-05-20T07:58:09","slug":"aviso-legal","status":"publish","type":"page","link":"https:\/\/pre8.4addictic.com\/grupohydrotec\/aviso-legal\/","title":{"rendered":"Aviso Legal"},"content":{"rendered":"\t\t<div data-elementor-type=\"wp-page\" data-elementor-id=\"638\" class=\"elementor elementor-638\" data-elementor-post-type=\"page\">\n\t\t\t\t<div class=\"elementor-element elementor-element-6e76ed61 e-flex e-con-boxed parallax_section_no qode_elementor_container_no e-con e-parent\" data-id=\"6e76ed61\" data-element_type=\"container\">\n\t\t\t\t\t<div class=\"e-con-inner\">\n\t\t\t\t<div class=\"elementor-element elementor-element-50ee16b4 elementor-widget elementor-widget-text-editor\" data-id=\"50ee16b4\" data-element_type=\"widget\" data-widget_type=\"text-editor.default\">\n\t\t\t\t<div class=\"elementor-widget-container\">\n\t\t\t<style>\/*! elementor - v3.21.0 - 26-05-2024 *\/\n.elementor-widget-text-editor.elementor-drop-cap-view-stacked .elementor-drop-cap{background-color:#69727d;color:#fff}.elementor-widget-text-editor.elementor-drop-cap-view-framed .elementor-drop-cap{color:#69727d;border:3px solid;background-color:transparent}.elementor-widget-text-editor:not(.elementor-drop-cap-view-default) .elementor-drop-cap{margin-top:8px}.elementor-widget-text-editor:not(.elementor-drop-cap-view-default) .elementor-drop-cap-letter{width:1em;height:1em}.elementor-widget-text-editor .elementor-drop-cap{float:left;text-align:center;line-height:1;font-size:50px}.elementor-widget-text-editor .elementor-drop-cap-letter{display:inline-block}<\/style>\t\t\t\t<h4>Condiciones de Utilizaci\u00f3n de Web<\/h4>\n<p><strong>HUMIREAC S.L.<\/strong> ofrece en sus p\u00e1ginas web informaci\u00f3n relacionada con el tipo de actividad, productos y servicios que realiza.<\/p>\n<p>\u00a0<\/p>\n<p><strong>HUMIREAC S.L.<\/strong> se reserva el derecho a actualizar, modificar o eliminar la informaci\u00f3n contenida en <strong>www.grupohydrotec.com<\/strong>, pudiendo incluso limitar o no permitir el acceso a dicha informaci\u00f3n, sin previo aviso.<\/p>\n<p>\u00a0<\/p>\n<p>Especialmente, <strong>HUMIREAC S.L.<\/strong> se reserva el derecho a eliminar, limitar o impedir el acceso a su web cuando surjan dificultades t\u00e9cnicas por hechos o circunstancias ajenos a <strong>HUMIREAC S.L.<\/strong> que, a su criterio, disminuyan o anulen los niveles de seguridad est\u00e1ndares adoptados para el adecuado funcionamiento de dicho website.<\/p>\n<p>\u00a0<\/p>\n<p>En ning\u00fan caso <strong>HUMIREAC S.L.<\/strong> ser\u00e1 responsable de las p\u00e9rdidas, da\u00f1os o perjuicios de cualquier tipo que surjan por acceder y usar el website, incluy\u00e9ndose, pero no limit\u00e1ndose, a los producidos en los sistemas inform\u00e1ticos o los provocados por la introducci\u00f3n de virus y\/o ataques inform\u00e1ticos. <strong>HUMIREAC S.L.<\/strong> tampoco ser\u00e1 responsable de los da\u00f1os que pudieran sufrir los usuarios por un uso inadecuado de este website y, en modo alguno, de las ca\u00eddas, interrupciones, ausencia o defecto en las telecomunicaciones.<\/p>\n<p>\u00a0<\/p>\n<p><strong> HUMIREAC S.L.<\/strong> no responde de la veracidad, integridad o actualizaci\u00f3n de las informaciones que no sean de elaboraci\u00f3n propia y de las que se indique otra fuente, as\u00ed como tampoco de las contenidas en otros websites mediante hiperenlace o v\u00ednculo desde <strong>www.grupohydrotec.com<\/strong>, facilitados al usuario como fuentes alternativas de informaci\u00f3n, que se regir\u00e1n por los t\u00e9rminos y condiciones de utilizaci\u00f3n que a tal efecto resulten exigibles por los titulares de dichos sitios web, por lo que <strong>HUMIREAC S.L.<\/strong> no asume responsabilidad alguna en cuanto a hipot\u00e9ticos perjuicios que pudieran originarse por el uso de las citadas informaciones.<\/p>\n<p>\u00a0<\/p>\n<p>En ning\u00fan caso, los mencionados hiperenlaces ser\u00e1n considerados como recomendaci\u00f3n, patrocinio, o distribuci\u00f3n por parte de <strong>HUMIREAC S.L.<\/strong> de la informaci\u00f3n, productos y\/o servicios, o, en general, contenidos de titularidad de terceros, ofrecidos por \u00e9stos o en cualquier forma por los mismos divulgados.<\/p>\n<p>\u00a0<\/p>\n<p><strong>HUMIREAC S.L.<\/strong> no se responsabiliza de las posibles discrepancias que, con car\u00e1cter transitorio, puedan surgir entre la versi\u00f3n de sus documentos impresos y la versi\u00f3n electr\u00f3nica de los mismos publicados en sus p\u00e1ginas web.<\/p>\n<p>\u00a0<\/p>\n<p>La totalidad de este website, es decir, los elementos que lo componen (textos, im\u00e1genes, marcas, logotipos, archivos de audio, archivos de software, combinaciones de colores), as\u00ed como la estructura, selecci\u00f3n y orden de sus contenidos, se encuentran protegidos por la normativa de Propiedad Intelectual e Industrial, no pudiendo ser objeto de explotaci\u00f3n, reproducci\u00f3n, distribuci\u00f3n, modificaci\u00f3n, comunicaci\u00f3n p\u00fablica, cesi\u00f3n o transformaci\u00f3n o cualquier otra forma de difusi\u00f3n no autorizada expresamente.<\/p>\n<p>\u00a0<\/p>\n<p>El acceso a este website no otorga a los usuarios derecho, ni titularidad alguna sobre los derechos de propiedad intelectual y\/o industrial de los contenidos que alberga este website.<\/p>\n<p>\u00a0<\/p>\n<p><strong>HUMIREAC S.L.<\/strong> se reserva la posibilidad de ejercer las acciones legales que correspondan contra los usuarios que violen o infrinjan los derechos de propiedad intelectual y\/o industrial.<\/p>\t\t\t\t\t\t<\/div>\n\t\t\t\t<\/div>\n\t\t\t\t\t<\/div>\n\t\t\t\t<\/div>\n\t\t\t\t<\/div>\n\t\t","protected":false},"excerpt":{"rendered":"<p>Condiciones de Utilizaci\u00f3n de Web HUMIREAC S.L. ofrece en sus p\u00e1ginas web informaci\u00f3n relacionada con el tipo&#8230;<\/p>\n","protected":false},"author":1,"featured_media":0,"parent":0,"menu_order":0,"comment_status":"closed","ping_status":"closed","template":"","meta":{"_monsterinsights_skip_tracking":false,"_monsterinsights_sitenote_active":false,"_monsterinsights_sitenote_note":"","_monsterinsights_sitenote_category":0,"footnotes":""},"class_list":["post-638","page","type-page","status-publish","hentry"],"yoast_head":"<!-- This site is optimized with the Yoast SEO plugin v22.8 - https:\/\/yoast.com\/wordpress\/plugins\/seo\/ -->\n<title>Aviso Legal - Grupo Hydrotec - Tratamientos de Humedad en Madrid<\/title>\n<meta name=\"robots\" content=\"noindex, follow, max-snippet:-1, max-image-preview:large, max-video-preview:-1\" \/>\n<meta property=\"og:locale\" content=\"es_ES\" \/>\n<meta property=\"og:type\" content=\"article\" \/>\n<meta property=\"og:title\" content=\"Aviso Legal - Grupo Hydrotec - Tratamientos de Humedad en Madrid\" \/>\n<meta property=\"og:description\" content=\"Condiciones de Utilizaci\u00f3n de Web HUMIREAC S.L. ofrece en sus p\u00e1ginas web informaci\u00f3n relacionada con el tipo...\" \/>\n<meta property=\"og:url\" content=\"https:\/\/pre8.4addictic.com\/grupohydrotec\/aviso-legal\/\" \/>\n<meta property=\"og:site_name\" content=\"Grupo Hydrotec - Tratamientos de Humedad en Madrid\" \/>\n<meta property=\"article:publisher\" content=\"https:\/\/www.facebook.com\/HydrotecHumedades\/\" \/>\n<meta property=\"article:modified_time\" content=\"2024-05-20T07:58:09+00:00\" \/>\n<meta name=\"twitter:card\" content=\"summary_large_image\" \/>\n<meta name=\"twitter:label1\" content=\"Tiempo de lectura\" \/>\n\t<meta name=\"twitter:data1\" content=\"3 minutos\" \/>\n<script type=\"application\/ld+json\" class=\"yoast-schema-graph\">{\"@context\":\"https:\/\/schema.org\",\"@graph\":[{\"@type\":\"WebPage\",\"@id\":\"https:\/\/pre8.4addictic.com\/grupohydrotec\/aviso-legal\/\",\"url\":\"https:\/\/pre8.4addictic.com\/grupohydrotec\/aviso-legal\/\",\"name\":\"Aviso Legal - Grupo Hydrotec - Tratamientos de Humedad en Madrid\",\"isPartOf\":{\"@id\":\"https:\/\/pre8.4addictic.com\/grupohydrotec\/#website\"},\"datePublished\":\"2021-03-17T10:32:44+00:00\",\"dateModified\":\"2024-05-20T07:58:09+00:00\",\"breadcrumb\":{\"@id\":\"https:\/\/pre8.4addictic.com\/grupohydrotec\/aviso-legal\/#breadcrumb\"},\"inLanguage\":\"es\",\"potentialAction\":[{\"@type\":\"ReadAction\",\"target\":[\"https:\/\/pre8.4addictic.com\/grupohydrotec\/aviso-legal\/\"]}]},{\"@type\":\"BreadcrumbList\",\"@id\":\"https:\/\/pre8.4addictic.com\/grupohydrotec\/aviso-legal\/#breadcrumb\",\"itemListElement\":[{\"@type\":\"ListItem\",\"position\":1,\"name\":\"Portada\",\"item\":\"https:\/\/pre8.4addictic.com\/grupohydrotec\/\"},{\"@type\":\"ListItem\",\"position\":2,\"name\":\"Aviso Legal\"}]},{\"@type\":\"WebSite\",\"@id\":\"https:\/\/pre8.4addictic.com\/grupohydrotec\/#website\",\"url\":\"https:\/\/pre8.4addictic.com\/grupohydrotec\/\",\"name\":\"Grupo Hydrotec - Tratamientos de Humedad en Madrid\",\"description\":\"Hydrotec empresas especializada en tratamiento de humedades por capilaridad, por condensaci\u00f3n y por filtraci\u00f3n. Especialistas en eliminar las humedades en Madrid\",\"publisher\":{\"@id\":\"https:\/\/pre8.4addictic.com\/grupohydrotec\/#organization\"},\"potentialAction\":[{\"@type\":\"SearchAction\",\"target\":{\"@type\":\"EntryPoint\",\"urlTemplate\":\"https:\/\/pre8.4addictic.com\/grupohydrotec\/?s={search_term_string}\"},\"query-input\":\"required name=search_term_string\"}],\"inLanguage\":\"es\"},{\"@type\":\"Organization\",\"@id\":\"https:\/\/pre8.4addictic.com\/grupohydrotec\/#organization\",\"name\":\"Grupo Hydrotec - Tratamientos de Humedad en Madrid\",\"url\":\"https:\/\/pre8.4addictic.com\/grupohydrotec\/\",\"logo\":{\"@type\":\"ImageObject\",\"inLanguage\":\"es\",\"@id\":\"https:\/\/pre8.4addictic.com\/grupohydrotec\/#\/schema\/logo\/image\/\",\"url\":\"https:\/\/pre8.4addictic.com\/grupohydrotec\/wp-content\/uploads\/2024\/05\/logo-grupohydrotec.png\",\"contentUrl\":\"https:\/\/pre8.4addictic.com\/grupohydrotec\/wp-content\/uploads\/2024\/05\/logo-grupohydrotec.png\",\"width\":560,\"height\":121,\"caption\":\"Grupo Hydrotec - Tratamientos de Humedad en Madrid\"},\"image\":{\"@id\":\"https:\/\/pre8.4addictic.com\/grupohydrotec\/#\/schema\/logo\/image\/\"},\"sameAs\":[\"https:\/\/www.facebook.com\/HydrotecHumedades\/\",\"https:\/\/www.instagram.com\/hydrotec_es\/\"]}]}<\/script>\n<!-- \/ Yoast SEO plugin. -->","yoast_head_json":{"title":"Aviso Legal - Grupo Hydrotec - Tratamientos de Humedad en Madrid","robots":{"index":"noindex","follow":"follow","max-snippet":"max-snippet:-1","max-image-preview":"max-image-preview:large","max-video-preview":"max-video-preview:-1"},"og_locale":"es_ES","og_type":"article","og_title":"Aviso Legal - Grupo Hydrotec - Tratamientos de Humedad en Madrid","og_description":"Condiciones de Utilizaci\u00f3n de Web HUMIREAC S.L. ofrece en sus p\u00e1ginas web informaci\u00f3n relacionada con el tipo...","og_url":"https:\/\/pre8.4addictic.com\/grupohydrotec\/aviso-legal\/","og_site_name":"Grupo Hydrotec - Tratamientos de Humedad en Madrid","article_publisher":"https:\/\/www.facebook.com\/HydrotecHumedades\/","article_modified_time":"2024-05-20T07:58:09+00:00","twitter_card":"summary_large_image","twitter_misc":{"Tiempo de lectura":"3 minutos"},"schema":{"@context":"https:\/\/schema.org","@graph":[{"@type":"WebPage","@id":"https:\/\/pre8.4addictic.com\/grupohydrotec\/aviso-legal\/","url":"https:\/\/pre8.4addictic.com\/grupohydrotec\/aviso-legal\/","name":"Aviso Legal - Grupo Hydrotec - Tratamientos de Humedad en Madrid","isPartOf":{"@id":"https:\/\/pre8.4addictic.com\/grupohydrotec\/#website"},"datePublished":"2021-03-17T10:32:44+00:00","dateModified":"2024-05-20T07:58:09+00:00","breadcrumb":{"@id":"https:\/\/pre8.4addictic.com\/grupohydrotec\/aviso-legal\/#breadcrumb"},"inLanguage":"es","potentialAction":[{"@type":"ReadAction","target":["https:\/\/pre8.4addictic.com\/grupohydrotec\/aviso-legal\/"]}]},{"@type":"BreadcrumbList","@id":"https:\/\/pre8.4addictic.com\/grupohydrotec\/aviso-legal\/#breadcrumb","itemListElement":[{"@type":"ListItem","position":1,"name":"Portada","item":"https:\/\/pre8.4addictic.com\/grupohydrotec\/"},{"@type":"ListItem","position":2,"name":"Aviso Legal"}]},{"@type":"WebSite","@id":"https:\/\/pre8.4addictic.com\/grupohydrotec\/#website","url":"https:\/\/pre8.4addictic.com\/grupohydrotec\/","name":"Grupo Hydrotec - Tratamientos de Humedad en Madrid","description":"Hydrotec empresas especializada en tratamiento de humedades por capilaridad, por condensaci\u00f3n y por filtraci\u00f3n. Especialistas en eliminar las humedades en Madrid","publisher":{"@id":"https:\/\/pre8.4addictic.com\/grupohydrotec\/#organization"},"potentialAction":[{"@type":"SearchAction","target":{"@type":"EntryPoint","urlTemplate":"https:\/\/pre8.4addictic.com\/grupohydrotec\/?s={search_term_string}"},"query-input":"required name=search_term_string"}],"inLanguage":"es"},{"@type":"Organization","@id":"https:\/\/pre8.4addictic.com\/grupohydrotec\/#organization","name":"Grupo Hydrotec - Tratamientos de Humedad en Madrid","url":"https:\/\/pre8.4addictic.com\/grupohydrotec\/","logo":{"@type":"ImageObject","inLanguage":"es","@id":"https:\/\/pre8.4addictic.com\/grupohydrotec\/#\/schema\/logo\/image\/","url":"https:\/\/pre8.4addictic.com\/grupohydrotec\/wp-content\/uploads\/2024\/05\/logo-grupohydrotec.png","contentUrl":"https:\/\/pre8.4addictic.com\/grupohydrotec\/wp-content\/uploads\/2024\/05\/logo-grupohydrotec.png","width":560,"height":121,"caption":"Grupo Hydrotec - Tratamientos de Humedad en Madrid"},"image":{"@id":"https:\/\/pre8.4addictic.com\/grupohydrotec\/#\/schema\/logo\/image\/"},"sameAs":["https:\/\/www.facebook.com\/HydrotecHumedades\/","https:\/\/www.instagram.com\/hydrotec_es\/"]}]}},"_links":{"self":[{"href":"https:\/\/pre8.4addictic.com\/grupohydrotec\/wp-json\/wp\/v2\/pages\/638","targetHints":{"allow":["GET"]}}],"collection":[{"href":"https:\/\/pre8.4addictic.com\/grupohydrotec\/wp-json\/wp\/v2\/pages"}],"about":[{"href":"https:\/\/pre8.4addictic.com\/grupohydrotec\/wp-json\/wp\/v2\/types\/page"}],"author":[{"embeddable":true,"href":"https:\/\/pre8.4addictic.com\/grupohydrotec\/wp-json\/wp\/v2\/users\/1"}],"replies":[{"embeddable":true,"href":"https:\/\/pre8.4addictic.com\/grupohydrotec\/wp-json\/wp\/v2\/comments?post=638"}],"version-history":[{"count":4,"href":"https:\/\/pre8.4addictic.com\/grupohydrotec\/wp-json\/wp\/v2\/pages\/638\/revisions"}],"predecessor-version":[{"id":1285,"href":"https:\/\/pre8.4addictic.com\/grupohydrotec\/wp-json\/wp\/v2\/pages\/638\/revisions\/1285"}],"wp:attachment":[{"href":"https:\/\/pre8.4addictic.com\/grupohydrotec\/wp-json\/wp\/v2\/media?parent=638"}],"curies":[{"name":"wp","href":"https:\/\/api.w.org\/{rel}","templated":true}]}}